{"id":959,"date":"2024-03-24T21:40:55","date_gmt":"2024-03-24T20:40:55","guid":{"rendered":"https:\/\/www.sgfarchant.de\/?page_id=959"},"modified":"2024-04-26T19:57:23","modified_gmt":"2024-04-26T17:57:23","slug":"endschiessen-3-2","status":"publish","type":"page","link":"https:\/\/www.sgfarchant.de\/?page_id=959","title":{"rendered":"End- und K\u00f6nigsschie\u00dfen 2024"},"content":{"rendered":"<p><strong><span style=\"font-size: 12pt;\">End- und K\u00f6nigschie\u00dfen der Sch\u00fctzengesellschaft \u201eKuhflucht\u201c Farchant e.V.<\/span><\/strong><\/p>\n<p>Sportpistole Jahresmeister:<br \/>\n<a href=\"https:\/\/www.sgfarchant.de\/wp-content\/uploads\/2024\/03\/JM-SpoPi-24.pdf\" class=\"pdfemb-viewer\" style=\"\" data-width=\"max\" data-height=\"max\" data-toolbar=\"bottom\" data-toolbar-fixed=\"off\">SpoPi Jahresmeister 2023-2024<\/a><\/p>\n<p>Sportpistole Eifer Jahresmeister:<br \/>\n<a href=\"https:\/\/www.sgfarchant.de\/wp-content\/uploads\/2024\/03\/Eifer-SpoPi-24.pdf\" class=\"pdfemb-viewer\" style=\"\" data-width=\"max\" data-height=\"max\" data-toolbar=\"bottom\" data-toolbar-fixed=\"off\">SpoPi Eifer 2023-2024<\/a><\/p>\n<p>Sportpistole Endschie\u00dfen Meister:<br \/>\n<a href=\"https:\/\/www.sgfarchant.de\/wp-content\/uploads\/2024\/03\/Endschiessen-SP-Meister-2023-2024.pdf\" class=\"pdfemb-viewer\" style=\"\" data-width=\"max\" data-height=\"max\" data-toolbar=\"bottom\" data-toolbar-fixed=\"off\">Endschie\u00dfen SP Meister 2023-2024<\/a><\/p>\n<p>Sportpistole Endschie\u00dfen Punkt:<br \/>\n<a href=\"https:\/\/www.sgfarchant.de\/wp-content\/uploads\/2024\/03\/Endschiessen-SP-Punkt-2023-2024.pdf\" class=\"pdfemb-viewer\" style=\"\" data-width=\"max\" data-height=\"max\" data-toolbar=\"bottom\" data-toolbar-fixed=\"off\">Endschie\u00dfen SP Punkt 2023-2024<\/a><\/p>\n<p>Sportpistole Endschie\u00dfen Ehrenscheibe:<br \/>\n<a href=\"https:\/\/www.sgfarchant.de\/wp-content\/uploads\/2024\/03\/Endschiessen-SP-Ehrenscheibe-2022-2023.pdf\" class=\"pdfemb-viewer\" style=\"\" data-width=\"max\" data-height=\"max\" data-toolbar=\"bottom\" data-toolbar-fixed=\"off\">Endschie\u00dfen SP Ehrenscheibe 2022-2023<\/a><\/p>\n<p>End- und K\u00f6nigsschie\u00dfen Luftpistole und Luftgewehr und diverse Pokale:<br \/>\n<a href=\"https:\/\/www.sgfarchant.de\/wp-content\/uploads\/2024\/03\/Endschiessen-2024-Luft-1.pdf\" class=\"pdfemb-viewer\" style=\"\" data-width=\"max\" data-height=\"max\" data-toolbar=\"bottom\" data-toolbar-fixed=\"off\">Endschie\u00dfen-2024-Luft<\/a><\/p>\n<p>Luftpistole und Luftgewehr Jahresmeister:<br \/>\n<a href=\"https:\/\/www.sgfarchant.de\/wp-content\/uploads\/2024\/04\/L-JM-2024.pdf\" class=\"pdfemb-viewer\" style=\"\" data-width=\"max\" data-height=\"max\" data-toolbar=\"bottom\" data-toolbar-fixed=\"off\">JM-2024-Luft<\/a><\/p>\n<p>Luftpistole und Luftgewehr Vereinsmeisterschaft:<br \/>\n<a href=\"https:\/\/www.sgfarchant.de\/wp-content\/uploads\/2024\/03\/L-VM-2024.pdf\" class=\"pdfemb-viewer\" style=\"\" data-width=\"max\" data-height=\"max\" data-toolbar=\"bottom\" data-toolbar-fixed=\"off\">VM-2024-Luft<\/a><\/p>\n<p><strong>66 Teilnehmer beim Saisonsh\u00f6hepunkt<\/strong><\/p>\n<p>Beim diesj\u00e4hrigen End- und K\u00f6nigschie\u00dfen hat 1. Sch\u00fctzenmeister Hans Schnitzbauer seinen eigenen Rekord gebrochen: er wurde mit einem 14,6-Teiler zum 7. Mal Farchanter Sch\u00fctzenk\u00f6nig; zudem schoss er das beste Blattl auf \u201eHaupt\u201c, gewann die Geburtstagsscheibe von Ehrenmitglied Hans Mandl, war mit 98 Ringen bester \u201eFreihand-Luftgewehrsch\u00fctze\u201c und heimste mit 379 Ringen den Vereinsmeisterpokal ein. Sein Sohn Simon darf dieses Jahr aufgrund eines 74,0-Teilers die Jungsch\u00fctzenkette tragen; er wurde auch mit 158 Ringen Jugend-Vereinsmeister \u201eaufgelegt\u201c und gewann da mit 89 Ringen in der Meisterklasse. Vorjahresk\u00f6nig Thomas Maurer ist nun Vizek\u00f6nig (38-Teiler); er siegte mit 94 Ringen auf der Meisterscheibe der Luftpistolensch\u00fctzen vor Andreas \u00d6fner und Ursula \u00d6fner (jeweils 93 Ringe). Ursula \u00d6fner erzielte in der \u201eSeniorenklasse Freihand\u201c das beste Ergebnis mit 97 Ringen; ihr gelang auch auf Punkt mit einem 5,0-Teiler das beste Blattl der Veranstaltung; au\u00dferdem ging der \u201eJahresmeisterpokal\u201c f\u00fcr eine Durchschnittsleistung von 375,6 Ringen in ihre H\u00e4nde \u00fcber. Mit dem Traumergebnis von 100 Ringen schoss sich Ehrensch\u00fctzenmeister Hubert Klarwein an die Spitze der &#8222;Aufgelegt-Sch\u00fctzen\u201c und lies Hans Hofmann (99 Ringe) und Georg Leitenbauer (98 Ringe) hinter sich. Klarwein errang mit 388 Ringen den Titel des Vereinsmeisters vor Georg Leitenbauer und Lothar Zilligen (jeweils 387 Ringe). Der auf \u201eGl\u00fcck\u201c kombiniert ausgeschossene \u201eMatthias-Hibler-Pokal\u201c wurde Steffi Joner \u00fcberreicht; sie hatte auch den besten Tiefschuss auf \u201eGl\u00fcck\u201c (10,3-Teiler) und lag damit vor Urs Weidler (30,4-Teiler) und Josef \u00d6ttl jun. (46,6-Teiler). Den auf \u201ePunkt\u201c ausgelobten \u201eHartl-Schmid-Pokal\u201c schnappte sich mit insgesamt 79-Teilern Ilona Schrettenbrunner ganz knapp vor Hans Schnitzbauer (79,6-Teiler) und Hans Reisert (81,9-Teiler). \u00dcber die Eiferscheibe der Luftdrucksch\u00fctzen freute sich Josef \u00d6ttl jun.; Stifterin Steffi Joner wurde hier zweite.<\/p>\n<p>Bei den Sportpistolensch\u00fctzen ging\u2019s auch recht knapp her: So ben\u00f6tigte Andreas \u00d6fner zu seinen 139 Ringen eine gute Deckserie, um sich auf \u201eMeister\u201c gegen Karsten Amann durchzusetzen. Daf\u00fcr wurde Amann mit einem Schnitt von 273,1-Ringen \u201eJahresmeister 2024\u201c deutlich vor Wolfgang Gauglitz (267,2-Ringe) und Andrea \u00d6fner (266,7 Ringe); Gauglitz erarbeitete sich mit 277 Ringen den Titel des \u201eVereinsmeisters Sportpistole 2024\u201c, Vize wurde Stefan H\u00f6lzlein -er traf auf \u201ePunkt\u201c mit einem 164,8-Teiler am sichersten in die Mitte, dies war auch des beste Blattl des Wettkampfs. \u00dcber die Ehrenscheibe der Sportpistolensch\u00fctzen freute sich Wiedereinsteiger Franz \u00d6fner (215,4-Teiler); die \u00fcber\u2019s Jahr ausgeschossene Eiferscheibe holte sich hier Routinier Michael Klarwein sen. mit einem sehr guten 65-Teiler.<\/p>\n<p>Die gl\u00fccklichen Gewinner und das Ende einer erfolgreichen Saison wurden von den zur Freude der Vorstandschaft zahleichen Besucher der Siegerehrung noch lange gefeiert.<\/p>\n<p><img loading=\"lazy\" decoding=\"async\" class=\"alignnone wp-image-1126 size-full\" src=\"https:\/\/www.sgfarchant.de\/wp-content\/uploads\/2024\/04\/EK2024-klein.jpg\" alt=\"\" width=\"800\" height=\"600\" srcset=\"https:\/\/www.sgfarchant.de\/wp-content\/uploads\/2024\/04\/EK2024-klein.jpg 800w, https:\/\/www.sgfarchant.de\/wp-content\/uploads\/2024\/04\/EK2024-klein-300x225.jpg 300w, https:\/\/www.sgfarchant.de\/wp-content\/uploads\/2024\/04\/EK2024-klein-768x576.jpg 768w, https:\/\/www.sgfarchant.de\/wp-content\/uploads\/2024\/04\/EK2024-klein-624x468.jpg 624w\" sizes=\"auto, (max-width: 800px) 100vw, 800px\" \/><\/p>\n","protected":false},"excerpt":{"rendered":"<p>End- und K\u00f6nigschie\u00dfen der Sch\u00fctzengesellschaft \u201eKuhflucht\u201c Farchant e.V. Sportpistole Jahresmeister: Sportpistole Eifer Jahresmeister: Sportpistole Endschie\u00dfen Meister: Sportpistole Endschie\u00dfen Punkt: Sportpistole Endschie\u00dfen Ehrenscheibe: End- und K\u00f6nigsschie\u00dfen Luftpistole und Luftgewehr und diverse Pokale: Luftpistole und Luftgewehr Jahresmeister: Luftpistole und Luftgewehr Vereinsmeisterschaft: 66 Teilnehmer beim Saisonsh\u00f6hepunkt Beim diesj\u00e4hrigen End- und K\u00f6nigschie\u00dfen hat 1. Sch\u00fctzenmeister Hans Schnitzbauer seinen eigenen [&hellip;]<\/p>\n","protected":false},"author":2,"featured_media":0,"parent":596,"menu_order":3,"comment_status":"closed","ping_status":"closed","template":"","meta":{"footnotes":""},"class_list":["post-959","page","type-page","status-publish","hentry"],"_links":{"self":[{"href":"https:\/\/www.sgfarchant.de\/index.php?rest_route=\/wp\/v2\/pages\/959","targetHints":{"allow":["GET"]}}],"collection":[{"href":"https:\/\/www.sgfarchant.de\/index.php?rest_route=\/wp\/v2\/pages"}],"about":[{"href":"https:\/\/www.sgfarchant.de\/index.php?rest_route=\/wp\/v2\/types\/page"}],"author":[{"embeddable":true,"href":"https:\/\/www.sgfarchant.de\/index.php?rest_route=\/wp\/v2\/users\/2"}],"replies":[{"embeddable":true,"href":"https:\/\/www.sgfarchant.de\/index.php?rest_route=%2Fwp%2Fv2%2Fcomments&post=959"}],"version-history":[{"count":20,"href":"https:\/\/www.sgfarchant.de\/index.php?rest_route=\/wp\/v2\/pages\/959\/revisions"}],"predecessor-version":[{"id":1127,"href":"https:\/\/www.sgfarchant.de\/index.php?rest_route=\/wp\/v2\/pages\/959\/revisions\/1127"}],"up":[{"embeddable":true,"href":"https:\/\/www.sgfarchant.de\/index.php?rest_route=\/wp\/v2\/pages\/596"}],"wp:attachment":[{"href":"https:\/\/www.sgfarchant.de\/index.php?rest_route=%2Fwp%2Fv2%2Fmedia&parent=959"}],"curies":[{"name":"wp","href":"https:\/\/api.w.org\/{rel}","templated":true}]}}