{"id":596,"date":"2022-06-14T00:57:29","date_gmt":"2022-06-13T22:57:29","guid":{"rendered":"https:\/\/www.sgfarchant.de\/?page_id=596"},"modified":"2022-06-14T00:57:29","modified_gmt":"2022-06-13T22:57:29","slug":"vortel-sportpistole-2","status":"publish","type":"page","link":"https:\/\/www.sgfarchant.de\/?page_id=596","title":{"rendered":"End- und K\u00f6nigsschie\u00dfen"},"content":{"rendered":"<p>Die Ergebnisse sind jeweils unter dem Men\u00fcpunkt der Jahre zu finden.<\/p>\n","protected":false},"excerpt":{"rendered":"<p>Die Ergebnisse sind jeweils unter dem Men\u00fcpunkt der Jahre zu finden.<\/p>\n","protected":false},"author":2,"featured_media":0,"parent":31,"menu_order":1,"comment_status":"closed","ping_status":"closed","template":"","meta":{"footnotes":""},"class_list":["post-596","page","type-page","status-publish","hentry"],"_links":{"self":[{"href":"https:\/\/www.sgfarchant.de\/index.php?rest_route=\/wp\/v2\/pages\/596","targetHints":{"allow":["GET"]}}],"collection":[{"href":"https:\/\/www.sgfarchant.de\/index.php?rest_route=\/wp\/v2\/pages"}],"about":[{"href":"https:\/\/www.sgfarchant.de\/index.php?rest_route=\/wp\/v2\/types\/page"}],"author":[{"embeddable":true,"href":"https:\/\/www.sgfarchant.de\/index.php?rest_route=\/wp\/v2\/users\/2"}],"replies":[{"embeddable":true,"href":"https:\/\/www.sgfarchant.de\/index.php?rest_route=%2Fwp%2Fv2%2Fcomments&post=596"}],"version-history":[{"count":1,"href":"https:\/\/www.sgfarchant.de\/index.php?rest_route=\/wp\/v2\/pages\/596\/revisions"}],"predecessor-version":[{"id":597,"href":"https:\/\/www.sgfarchant.de\/index.php?rest_route=\/wp\/v2\/pages\/596\/revisions\/597"}],"up":[{"embeddable":true,"href":"https:\/\/www.sgfarchant.de\/index.php?rest_route=\/wp\/v2\/pages\/31"}],"wp:attachment":[{"href":"https:\/\/www.sgfarchant.de\/index.php?rest_route=%2Fwp%2Fv2%2Fmedia&parent=596"}],"curies":[{"name":"wp","href":"https:\/\/api.w.org\/{rel}","templated":true}]}}