{"id":54,"date":"2020-02-18T00:04:35","date_gmt":"2020-02-17T23:04:35","guid":{"rendered":"http:\/\/sgfarchant.de\/?page_id=54"},"modified":"2022-11-06T18:47:16","modified_gmt":"2022-11-06T17:47:16","slug":"jugendseite","status":"publish","type":"page","link":"https:\/\/www.sgfarchant.de\/?page_id=54","title":{"rendered":"Jugendseite"},"content":{"rendered":"<p><strong>Jungsch\u00fctzenausflug 2022 der SG Kuhflucht Farchant nach Oberammergau zum Kolbensattel<\/strong><\/p>\n<p><span style=\"font-size: 12pt;\">Am 31..10.2022 trafen wir uns um 09:00 zu unserem diesj\u00e4hrigen Ausflug nach Oberammergau, zum Kolbensattel. Nach Coronabedingter Pause freuten wir uns alle wieder einmal etwas gemeinsam zu unternehmen. Trotzt der Pause fanden sich erfreulicherweise wieder Kinder und Jugendliche zur Aus\u00fcbung unseres sch\u00f6nen Sports zusammen. Um dies zu festigen f\u00fchrten wir auch unseren Ausflug durch. Nach der Autofahrt zum Kolbenlift Parkplatz wanderten wir zur Kolbensattelh\u00fctte, wo wir nach der Anstrengung eine saubere Brotzeit machten. Nach erfolgreicher St\u00e4rkung und Aufenthalt einiger Jungsch\u00fctzen am \u00f6rtlichen Spielplatz traten wir die Bergab Fahrt mit dem Alpin-Coaster an. Einigen machte das so viel Spa\u00df, dass sie noch ein zweites Mal hinab fuhren. Zum Abschlu\u00df des wundersch\u00f6nen Tages gab es noch ein\u00a0 Eis im Paradiso in Oberammergau. Die Ausfl\u00fcgler waren gegen 15:30 Uhr wieder in Farchant, am Maibaum angekommen. Die R\u00fcckmeldung der Eltern war f\u00fcr uns als Verein sehr sch\u00f6n, Sie bedankten sich im Namen Ihrer Kinder f\u00fcr den wundersch\u00f6nen Tag und auch f\u00fcr die zur\u00fcckliegende Betreuung durch unseren Verein. Besonderen Dank gilt 1. Sch\u00fctzenmeister Hans Schnitzbauer und Thomas Maurer, die mich bei dem Ausflug und auch in den Trainingstagen am Freitag immer unterst\u00fctzen !. Ebenfalls m\u00f6chte ich mich im Namen der Kinder auch beim Sch\u00fctzenverein Kuhflucht Farchant und dessen Kassierin Christine Ponitz recht herzlich f\u00fcr die Finanzierung unseres Ausfluges bedanken. Ich hoffe, dass uns die Jugend recht zahlreich im Verein t\u00e4tig bleibt und dass sich dies positiv herum spricht und unser Verein wieder viele Kinder und Jugendliche gewinnen kann.<\/span><\/p>\n<p><span style=\"font-size: 12pt;\">Farchant, der 04.11.2022<\/span><\/p>\n<p><img loading=\"lazy\" decoding=\"async\" class=\"alignnone size-large wp-image-664\" src=\"https:\/\/www.sgfarchant.de\/wp-content\/uploads\/2022\/11\/20221031_090117-1024x768.jpg\" alt=\"\" width=\"625\" height=\"469\" srcset=\"https:\/\/www.sgfarchant.de\/wp-content\/uploads\/2022\/11\/20221031_090117-1024x768.jpg 1024w, https:\/\/www.sgfarchant.de\/wp-content\/uploads\/2022\/11\/20221031_090117-300x225.jpg 300w, https:\/\/www.sgfarchant.de\/wp-content\/uploads\/2022\/11\/20221031_090117-768x576.jpg 768w, https:\/\/www.sgfarchant.de\/wp-content\/uploads\/2022\/11\/20221031_090117-1536x1152.jpg 1536w, https:\/\/www.sgfarchant.de\/wp-content\/uploads\/2022\/11\/20221031_090117-2048x1536.jpg 2048w, https:\/\/www.sgfarchant.de\/wp-content\/uploads\/2022\/11\/20221031_090117-624x468.jpg 624w\" sizes=\"auto, (max-width: 625px) 100vw, 625px\" \/><img loading=\"lazy\" decoding=\"async\" class=\"alignnone size-large wp-image-665\" style=\"font-size: 1rem;\" src=\"https:\/\/www.sgfarchant.de\/wp-content\/uploads\/2022\/11\/20221031_100807-1024x768.jpg\" alt=\"\" width=\"625\" height=\"469\" srcset=\"https:\/\/www.sgfarchant.de\/wp-content\/uploads\/2022\/11\/20221031_100807-1024x768.jpg 1024w, https:\/\/www.sgfarchant.de\/wp-content\/uploads\/2022\/11\/20221031_100807-300x225.jpg 300w, https:\/\/www.sgfarchant.de\/wp-content\/uploads\/2022\/11\/20221031_100807-768x576.jpg 768w, https:\/\/www.sgfarchant.de\/wp-content\/uploads\/2022\/11\/20221031_100807-1536x1152.jpg 1536w, https:\/\/www.sgfarchant.de\/wp-content\/uploads\/2022\/11\/20221031_100807-2048x1536.jpg 2048w, https:\/\/www.sgfarchant.de\/wp-content\/uploads\/2022\/11\/20221031_100807-624x468.jpg 624w\" sizes=\"auto, (max-width: 625px) 100vw, 625px\" \/><img loading=\"lazy\" decoding=\"async\" class=\"alignnone size-large wp-image-667\" style=\"font-size: 1rem;\" src=\"https:\/\/www.sgfarchant.de\/wp-content\/uploads\/2022\/11\/20221031_100800-Kopie-1024x768.jpg\" alt=\"\" width=\"625\" height=\"469\" srcset=\"https:\/\/www.sgfarchant.de\/wp-content\/uploads\/2022\/11\/20221031_100800-Kopie-1024x768.jpg 1024w, https:\/\/www.sgfarchant.de\/wp-content\/uploads\/2022\/11\/20221031_100800-Kopie-300x225.jpg 300w, https:\/\/www.sgfarchant.de\/wp-content\/uploads\/2022\/11\/20221031_100800-Kopie-768x576.jpg 768w, https:\/\/www.sgfarchant.de\/wp-content\/uploads\/2022\/11\/20221031_100800-Kopie-1536x1152.jpg 1536w, https:\/\/www.sgfarchant.de\/wp-content\/uploads\/2022\/11\/20221031_100800-Kopie-2048x1536.jpg 2048w, https:\/\/www.sgfarchant.de\/wp-content\/uploads\/2022\/11\/20221031_100800-Kopie-624x468.jpg 624w\" sizes=\"auto, (max-width: 625px) 100vw, 625px\" \/><img loading=\"lazy\" decoding=\"async\" class=\"alignnone size-large wp-image-666\" style=\"font-size: 1rem;\" src=\"https:\/\/www.sgfarchant.de\/wp-content\/uploads\/2022\/11\/20221031_111852-1024x768.jpg\" alt=\"\" width=\"625\" height=\"469\" srcset=\"https:\/\/www.sgfarchant.de\/wp-content\/uploads\/2022\/11\/20221031_111852-1024x768.jpg 1024w, https:\/\/www.sgfarchant.de\/wp-content\/uploads\/2022\/11\/20221031_111852-300x225.jpg 300w, https:\/\/www.sgfarchant.de\/wp-content\/uploads\/2022\/11\/20221031_111852-768x576.jpg 768w, https:\/\/www.sgfarchant.de\/wp-content\/uploads\/2022\/11\/20221031_111852-1536x1152.jpg 1536w, https:\/\/www.sgfarchant.de\/wp-content\/uploads\/2022\/11\/20221031_111852-2048x1536.jpg 2048w, https:\/\/www.sgfarchant.de\/wp-content\/uploads\/2022\/11\/20221031_111852-624x468.jpg 624w\" sizes=\"auto, (max-width: 625px) 100vw, 625px\" \/><\/p>\n<p>&nbsp;<\/p>\n<p>&nbsp;<\/p>\n<p>*********************************************************************************<\/p>\n<p>&nbsp;<\/p>\n<p><span style=\"font-size: 12pt;\">Unser Jungsch\u00fctzenk\u00f6nig 2022 Andreas Buchwieser sowie Gaujugendk\u00f6nigin 2021\/22 Magdalena Doll mit Ehrensch\u00fctzenmeister Anton Reiser beim Fronleichnamsfest 2022<img loading=\"lazy\" decoding=\"async\" class=\"alignnone size-large wp-image-614\" src=\"https:\/\/www.sgfarchant.de\/wp-content\/uploads\/2022\/06\/20220616_075827-1024x768.jpg\" alt=\"\" width=\"625\" height=\"469\" srcset=\"https:\/\/www.sgfarchant.de\/wp-content\/uploads\/2022\/06\/20220616_075827-1024x768.jpg 1024w, https:\/\/www.sgfarchant.de\/wp-content\/uploads\/2022\/06\/20220616_075827-300x225.jpg 300w, https:\/\/www.sgfarchant.de\/wp-content\/uploads\/2022\/06\/20220616_075827-768x576.jpg 768w, https:\/\/www.sgfarchant.de\/wp-content\/uploads\/2022\/06\/20220616_075827-1536x1152.jpg 1536w, https:\/\/www.sgfarchant.de\/wp-content\/uploads\/2022\/06\/20220616_075827-2048x1536.jpg 2048w, https:\/\/www.sgfarchant.de\/wp-content\/uploads\/2022\/06\/20220616_075827-624x468.jpg 624w\" sizes=\"auto, (max-width: 625px) 100vw, 625px\" \/>.<\/span><\/p>\n<p>&nbsp;<\/p>\n<p>&nbsp;<\/p>\n<p><span style=\"font-size: 12pt;\">**********************************************************************<\/span><\/p>\n<p><span style=\"color: #000000; font-size: 12pt;\"><img loading=\"lazy\" decoding=\"async\" class=\"alignnone size-large wp-image-132\" src=\"http:\/\/sgfarchant.de\/wp-content\/uploads\/2020\/03\/Ausflug22019-1024x768.jpg\" alt=\"\" width=\"625\" height=\"469\" srcset=\"https:\/\/www.sgfarchant.de\/wp-content\/uploads\/2020\/03\/Ausflug22019-1024x768.jpg 1024w, https:\/\/www.sgfarchant.de\/wp-content\/uploads\/2020\/03\/Ausflug22019-300x225.jpg 300w, https:\/\/www.sgfarchant.de\/wp-content\/uploads\/2020\/03\/Ausflug22019-768x576.jpg 768w, https:\/\/www.sgfarchant.de\/wp-content\/uploads\/2020\/03\/Ausflug22019-1536x1152.jpg 1536w, https:\/\/www.sgfarchant.de\/wp-content\/uploads\/2020\/03\/Ausflug22019-2048x1536.jpg 2048w, https:\/\/www.sgfarchant.de\/wp-content\/uploads\/2020\/03\/Ausflug22019-624x468.jpg 624w\" sizes=\"auto, (max-width: 625px) 100vw, 625px\" \/><\/span><\/p>\n<p><span style=\"color: #000000; font-size: 12pt;\">Pause ist immer gut \ud83d\ude09<\/span><\/p>\n<p><span style=\"color: #000000; font-size: 12pt;\"><img loading=\"lazy\" decoding=\"async\" class=\"alignnone size-large wp-image-133\" src=\"http:\/\/sgfarchant.de\/wp-content\/uploads\/2020\/03\/Ausflug42019-1024x768.jpg\" alt=\"\" width=\"625\" height=\"469\" srcset=\"https:\/\/www.sgfarchant.de\/wp-content\/uploads\/2020\/03\/Ausflug42019-1024x768.jpg 1024w, https:\/\/www.sgfarchant.de\/wp-content\/uploads\/2020\/03\/Ausflug42019-300x225.jpg 300w, https:\/\/www.sgfarchant.de\/wp-content\/uploads\/2020\/03\/Ausflug42019-768x576.jpg 768w, https:\/\/www.sgfarchant.de\/wp-content\/uploads\/2020\/03\/Ausflug42019-1536x1152.jpg 1536w, https:\/\/www.sgfarchant.de\/wp-content\/uploads\/2020\/03\/Ausflug42019-2048x1536.jpg 2048w, https:\/\/www.sgfarchant.de\/wp-content\/uploads\/2020\/03\/Ausflug42019-624x468.jpg 624w\" sizes=\"auto, (max-width: 625px) 100vw, 625px\" \/><\/span><\/p>\n<p><span style=\"color: #000000; font-size: 12pt;\">Bei einer St\u00e4rkung an der Tannenh\u00fctte<\/span><\/p>\n<p><span style=\"color: #000000; font-size: 12pt;\"><img loading=\"lazy\" decoding=\"async\" class=\"alignnone size-large wp-image-134\" src=\"http:\/\/sgfarchant.de\/wp-content\/uploads\/2020\/03\/Ausflug52019-1024x768.jpg\" alt=\"\" width=\"625\" height=\"469\" srcset=\"https:\/\/www.sgfarchant.de\/wp-content\/uploads\/2020\/03\/Ausflug52019-1024x768.jpg 1024w, https:\/\/www.sgfarchant.de\/wp-content\/uploads\/2020\/03\/Ausflug52019-300x225.jpg 300w, https:\/\/www.sgfarchant.de\/wp-content\/uploads\/2020\/03\/Ausflug52019-768x576.jpg 768w, https:\/\/www.sgfarchant.de\/wp-content\/uploads\/2020\/03\/Ausflug52019-1536x1152.jpg 1536w, https:\/\/www.sgfarchant.de\/wp-content\/uploads\/2020\/03\/Ausflug52019-2048x1536.jpg 2048w, https:\/\/www.sgfarchant.de\/wp-content\/uploads\/2020\/03\/Ausflug52019-624x468.jpg 624w\" sizes=\"auto, (max-width: 625px) 100vw, 625px\" \/><\/span><\/p>\n<p><span style=\"color: #000000; font-size: 12pt;\">Am Samstag, den 27.07.2019 um 09:15 machten wir uns vom Farchanter Schwimmbad aus, bei traumhaftem Sommerwetter, \u00a0auf den Weg zur Tannenh\u00fctte nach Partenkirchen. Der Weg f\u00fchrte uns vom Philosophenweg \u00fcber das Sch\u00fctzenhaus-Partenkirchen, St. Anton und Eggenh\u00fctte zu unserem Endpunkt, der Tannenh\u00fctte. Dort kehrten wir sauber ein J bei Durstl\u00f6schenden Getr\u00e4nken und einer guten Brotzeit lie\u00dfen wir es uns Gut gehen. Danach gab es noch ein gemeinsames Foto und wir marschierten, gest\u00e4rkt wieder der Heimat Farchant entgegen. Am Farchanter Schwimmbad angekommen, erreichte jeder von uns noch gerade rechtzeitig trocken Sein zu Hause. Da es in der Zwischenzeit zu zog und ein Gewitter \u00fcber das Ammergebirge schnell heran kam. Alles in Allem ein sch\u00f6ner Tag zum Ausklang der Schie\u00df Saison 2018\/2019. Zum Schlu\u00df m\u00f6chte ich mich ganz besonders bei unserem 1. Sch\u00fctzenmeister: Hans Schnitzbauer bedanken, der mit uns marschiert ist. Bei allen, die mit gegangen sind und nat\u00fcrlich bei unserer Kassiererin, Christine Reiser, die uns finanziell, den Ausflug erm\u00f6glicht hat. Es war heuer ein ereignisreiches, sch\u00f6nes Jahr, uns hat es allen viel Spa\u00df gemacht und ich hoffe, dass alle bei der \u201eStange\u201c bleiben und nach den Ferien wieder voll angreifen J. Ich w\u00fcnsche allen, sch\u00f6ne Ferien und einen erholsamen Urlaub.<\/span><\/p>\n<p><span style=\"color: #000000; font-size: 12pt;\">Thomas Oellinger<\/span><br \/>\n<span style=\"color: #000000; font-size: 12pt;\">Jugendleiter<\/span><\/p>\n<p>&nbsp;<\/p>\n<p><span style=\"color: #000000; font-size: 12pt;\">in der Gaurunde 2018\/2019 hat unsere Jugend wieder sehr Gut abgeschnitten. Ich bitte Euch, wenn von Euch aus m\u00f6glich dies im Internet und evtl. im GAP-Tagblatt zu ver\u00f6ffentlichen. Da unsere Jugendlichen langsam \u201eFl\u00fcge\u201c werden J w\u00e4re dies eine M\u00f6glichkeit, wieder Nachwuchs zu gewinnen. Trainingszeiten sind immer Freitags ab 18:00 Uhr, au\u00dferhalb der Schulferienzeit. Danke schon vorab f\u00fcr Eure M\u00fche. Fotos habe ich auch gemacht, ebenfalls mit der Bitte um Ver\u00f6ffentlichung, danke J<\/span><\/p>\n<p>&nbsp;<\/p>\n<p><span style=\"color: #000000; font-size: 12pt;\">Ergebnisse aus der Sicht der SG Kuhflucht Farchant:<\/span><\/p>\n<p>&nbsp;<\/p>\n<p><span style=\"color: #000000; font-size: 12pt;\"><strong> Bestes Blattl in der Gaurunde 2018\/ 2019: \u00a0\u00a0\u00a0\u00a0\u00a0\u00a0\u00a0\u00a0\u00a0\u00a0\u00a0\u00a0\u00a0\u00a0\u00a0\u00a0\u00a0\u00a0\u00a0\u00a0\u00a0\u00a0\u00a0\u00a0\u00a0\u00a0\u00a0\u00a0\u00a0\u00a0\u00a0\u00a0\u00a0\u00a0\u00a0\u00a0\u00a0\u00a0\u00a0\u00a0\u00a0\u00a0\u00a0\u00a0\u00a0\u00a0\u00a0\u00a0\u00a0\u00a0\u00a0\u00a0\u00a0\u00a0\u00a0\u00a0\u00a0\u00a0\u00a0\u00a0\u00a0<\/strong><\/span><\/p>\n<p><span style=\"color: #000000; font-size: 12pt;\"><strong>Hansi Schnitzbauer jr. : 2,8 Teiler<\/strong><\/span><\/p>\n<p><span style=\"color: #000000; font-size: 12pt;\"><strong>\u00a0<\/strong><\/span><\/p>\n<p><span style=\"color: #000000; font-size: 12pt;\"><strong> Einzelwertung des Vergleichsschie\u00dfen 2018\/2019, Sch\u00fcler JG 2005 und j\u00fcnger: \u00a0<\/strong><\/span><\/p>\n<p><span style=\"color: #000000; font-size: 12pt;\"><strong>11. Platz, Hansi Schnitzbauer jr., 610 Ringe<\/strong><\/span><\/p>\n<p><span style=\"color: #000000; font-size: 12pt;\"><strong> 18. Platz, Buchwieser Andreas,\u00a0\u00a0 \u00a0556 Ringe<\/strong><\/span><\/p>\n<p><span style=\"color: #000000; font-size: 12pt;\"><strong><br \/>\n<\/strong><strong>Jugend JG 2003-2004:\u00a0\u00a0\u00a0\u00a0\u00a0\u00a0\u00a0\u00a0 \u00a0\u00a0 <\/strong><\/span><\/p>\n<p><span style=\"color: #000000; font-size: 12pt;\"><strong>04. Platz, Strohmeier Maximilian\u00a0\u00a0 1454 Ringe<\/strong><\/span><\/p>\n<p><span style=\"color: #000000; font-size: 12pt;\"><strong> 09. Platz, Hutter Hannes\u00a0\u00a0\u00a0\u00a0 \u00a0\u00a0\u00a0\u00a0\u00a0\u00a0\u00a0 \u00a0\u00a0\u00a0\u00a0\u00a0 1131 Ringe<\/strong><\/span><\/p>\n<p><span style=\"color: #000000; font-size: 12pt;\"><strong> 10. Platz, Florian Oellinger\u00a0\u00a0\u00a0\u00a0\u00a0 \u00a0\u00a0\u00a0\u00a0\u00a0\u00a0\u00a0\u00a0 1103 Ringe<\/strong><\/span><\/p>\n<p><span style=\"color: #000000; font-size: 12pt;\"><strong> 15. Platz, Dapfer Kilian,\u00a0\u00a0\u00a0\u00a0\u00a0 \u00a0\u00a0\u00a0\u00a0\u00a0\u00a0\u00a0\u00a0 \u00a0\u00a0\u00a0\u00a0\u00a0\u00a0\u00a0 967 Ringe <\/strong><\/span><\/p>\n<p><span style=\"color: #000000; font-size: 12pt;\"><strong>\u00a0<\/strong><\/span><\/p>\n<p><span style=\"color: #000000; font-size: 12pt;\"><strong>Jugend II 2001-2002<\/strong><strong><br \/>\n<\/strong><strong>6. Platz, Joner Stefanie\u00a0\u00a0\u00a0\u00a0\u00a0\u00a0\u00a0\u00a0\u00a0\u00a0\u00a0\u00a0\u00a0\u00a0\u00a0\u00a0\u00a0\u00a0\u00a0\u00a0\u00a0 \u00a01388 Ringe<\/strong><\/span><\/p>\n<p><span style=\"color: #000000; font-size: 12pt;\"><strong> 8. Platz, Buchwieser Sophia\u00a0\u00a0\u00a0\u00a0\u00a0\u00a0\u00a0\u00a0\u00a0\u00a0\u00a0\u00a0\u00a0\u00a01354 Ringe<\/strong><\/span><\/p>\n<p><span style=\"color: #000000; font-size: 12pt;\"><strong>\u00a0<\/strong><\/span><\/p>\n<p><span style=\"color: #000000; font-size: 12pt;\"><strong> Mannschaftswertung:\u00a0\u00a0\u00a0\u00a0\u00a0\u00a0\u00a0\u00a0\u00a0\u00a0\u00a0\u00a0\u00a0\u00a0\u00a0\u00a0\u00a0\u00a0\u00a0\u00a0\u00a0\u00a0\u00a0\u00a0\u00a0\u00a0\u00a0\u00a0\u00a0\u00a0\u00a0\u00a0\u00a0\u00a0\u00a0\u00a0\u00a0\u00a0\u00a0\u00a0\u00a0\u00a0\u00a0\u00a0\u00a0\u00a0\u00a0\u00a0\u00a0\u00a0\u00a0\u00a0\u00a0\u00a0\u00a0 <\/strong><\/span><\/p>\n<p><span style=\"color: #000000; font-size: 12pt;\"><strong>Sch\u00fcler:\u00a0\u00a0\u00a0\u00a0\u00a0\u00a0\u00a0\u00a0 \u00a0\u00a0\u00a0\u00a0\u00a0\u00a0\u00a0\u00a0\u00a0\u00a0\u00a0\u00a0 \u00a0<\/strong><\/span><\/p>\n<p><span style=\"color: #000000; font-size: 12pt;\"><strong>5. Platz: Mannschaft: Eitzenberger Hannes, Buchwieser Andreas, Schnitzbauer Hans jr.<\/strong><\/span><\/p>\n<p><span style=\"color: #000000; font-size: 12pt;\"><strong>\u00a0<\/strong><strong>Jugend, 2003 \u2013 2004 \u00a0\u00a0\u00a0\u00a0\u00a0\u00a0\u00a0\u00a0\u00a0\u00a0\u00a0 \u00a0 <\/strong><\/span><\/p>\n<p><span style=\"color: #000000; font-size: 12pt;\"><strong>2. Platz: Mannschaft: Strohmeier Max, Hutter Hannes, Oellinger Florian<\/strong><\/span><\/p>\n<p><span style=\"color: #000000; font-size: 12pt;\"><img loading=\"lazy\" decoding=\"async\" class=\"alignnone size-large wp-image-135\" src=\"http:\/\/sgfarchant.de\/wp-content\/uploads\/2020\/03\/Gaujugendvergleich2018_2019-1024x768.jpg\" alt=\"\" width=\"625\" height=\"469\" srcset=\"https:\/\/www.sgfarchant.de\/wp-content\/uploads\/2020\/03\/Gaujugendvergleich2018_2019-1024x768.jpg 1024w, https:\/\/www.sgfarchant.de\/wp-content\/uploads\/2020\/03\/Gaujugendvergleich2018_2019-300x225.jpg 300w, https:\/\/www.sgfarchant.de\/wp-content\/uploads\/2020\/03\/Gaujugendvergleich2018_2019-768x576.jpg 768w, https:\/\/www.sgfarchant.de\/wp-content\/uploads\/2020\/03\/Gaujugendvergleich2018_2019-1536x1152.jpg 1536w, https:\/\/www.sgfarchant.de\/wp-content\/uploads\/2020\/03\/Gaujugendvergleich2018_2019-2048x1536.jpg 2048w, https:\/\/www.sgfarchant.de\/wp-content\/uploads\/2020\/03\/Gaujugendvergleich2018_2019-624x468.jpg 624w\" sizes=\"auto, (max-width: 625px) 100vw, 625px\" \/><\/span><\/p>\n<p><span style=\"color: #000000; font-size: 12pt;\">Bei der Beteiligung waren wir im Gau an 4. Stelle mit 10 Sch\u00fctzinnen und Sch\u00fctzen, allen, die mit gemacht haben DANKE !!! auf ein NEUES !!! Auch m\u00f6chte ich mich bei Christian Hornsteiner f\u00fcr die erstklassige musikalische Umrahmung des diesj\u00e4hrigen Gaujugend Tages in Farchant, Sportzentrum bedanken!! Es hat allen so Gut gefallen, dass wir diesen Gaujugend Tag n\u00e4chstes Jahr auch wieder durchf\u00fchren d\u00fcrfen.<\/span><\/p>\n<p><span style=\"color: #000000; font-size: 12pt;\">Ganz besonders m\u00f6chte ich mich wieder auf diesem Wege bei Hubert Klarwein, Hans Schnitzbauer, Christine Reiser und nat\u00fcrlich bei Euch beiden (Uschi \u00d6fner und Stephan Oellinger) bedanken. Ihr habt immer ein offenes Ohr f\u00fcr die Jugendarbeit, daf\u00fcr von meiner Seite ein riesiges Vergelt`s Gott.<\/span><\/p>\n","protected":false},"excerpt":{"rendered":"<p>Jungsch\u00fctzenausflug 2022 der SG Kuhflucht Farchant nach Oberammergau zum Kolbensattel Am 31..10.2022 trafen wir uns um 09:00 zu unserem diesj\u00e4hrigen Ausflug nach Oberammergau, zum Kolbensattel. Nach Coronabedingter Pause freuten wir uns alle wieder einmal etwas gemeinsam zu unternehmen. Trotzt der Pause fanden sich erfreulicherweise wieder Kinder und Jugendliche zur Aus\u00fcbung unseres sch\u00f6nen Sports zusammen. Um [&hellip;]<\/p>\n","protected":false},"author":2,"featured_media":0,"parent":0,"menu_order":0,"comment_status":"closed","ping_status":"closed","template":"","meta":{"footnotes":""},"class_list":["post-54","page","type-page","status-publish","hentry"],"_links":{"self":[{"href":"https:\/\/www.sgfarchant.de\/index.php?rest_route=\/wp\/v2\/pages\/54","targetHints":{"allow":["GET"]}}],"collection":[{"href":"https:\/\/www.sgfarchant.de\/index.php?rest_route=\/wp\/v2\/pages"}],"about":[{"href":"https:\/\/www.sgfarchant.de\/index.php?rest_route=\/wp\/v2\/types\/page"}],"author":[{"embeddable":true,"href":"https:\/\/www.sgfarchant.de\/index.php?rest_route=\/wp\/v2\/users\/2"}],"replies":[{"embeddable":true,"href":"https:\/\/www.sgfarchant.de\/index.php?rest_route=%2Fwp%2Fv2%2Fcomments&post=54"}],"version-history":[{"count":7,"href":"https:\/\/www.sgfarchant.de\/index.php?rest_route=\/wp\/v2\/pages\/54\/revisions"}],"predecessor-version":[{"id":668,"href":"https:\/\/www.sgfarchant.de\/index.php?rest_route=\/wp\/v2\/pages\/54\/revisions\/668"}],"wp:attachment":[{"href":"https:\/\/www.sgfarchant.de\/index.php?rest_route=%2Fwp%2Fv2%2Fmedia&parent=54"}],"curies":[{"name":"wp","href":"https:\/\/api.w.org\/{rel}","templated":true}]}}