{"id":1411,"date":"2025-04-06T21:32:55","date_gmt":"2025-04-06T19:32:55","guid":{"rendered":"https:\/\/www.sgfarchant.de\/?page_id=1411"},"modified":"2025-04-06T21:32:55","modified_gmt":"2025-04-06T19:32:55","slug":"end-und-koenigsschiessen-2025","status":"publish","type":"page","link":"https:\/\/www.sgfarchant.de\/?page_id=1411","title":{"rendered":"End- und K\u00f6nigsschie\u00dfen 2025"},"content":{"rendered":"<p>Endschie\u00dfen Sportpistole:<br \/>\n<a href=\"https:\/\/www.sgfarchant.de\/wp-content\/uploads\/2025\/04\/Preisverteilung-Endschiessen-SP-2025.pdf\" class=\"pdfemb-viewer\" style=\"\" data-width=\"max\" data-height=\"max\" data-toolbar=\"bottom\" data-toolbar-fixed=\"off\">Preisverteilung Endschie\u00dfen SP 2025<\/a><\/p>\n<p>Jahresmeister Sportpistole:<br \/>\n<a href=\"https:\/\/www.sgfarchant.de\/wp-content\/uploads\/2025\/04\/Jahresmeister-SP-2025.pdf\" class=\"pdfemb-viewer\" style=\"\" data-width=\"max\" data-height=\"max\" data-toolbar=\"bottom\" data-toolbar-fixed=\"off\">Jahresmeister SP 2025<\/a><\/p>\n<p>Eiferscheibe Sportpistole:<br \/>\n<a href=\"https:\/\/www.sgfarchant.de\/wp-content\/uploads\/2025\/04\/Eiferscheibe-und-Preise-SP-2024-2025.pdf\" class=\"pdfemb-viewer\" style=\"\" data-width=\"max\" data-height=\"max\" data-toolbar=\"bottom\" data-toolbar-fixed=\"off\">Eiferscheibe und Preise SP 2024-2025<\/a><\/p>\n<p>Vereinsmeister und Jahresmeister Sportpistole:<br \/>\n<a href=\"https:\/\/www.sgfarchant.de\/wp-content\/uploads\/2025\/04\/VMJM-SpoPi-25.pdf\" class=\"pdfemb-viewer\" style=\"\" data-width=\"max\" data-height=\"max\" data-toolbar=\"bottom\" data-toolbar-fixed=\"off\">VM+JM SpoPi 25<\/a><\/p>\n<p>End- und K\u00f6nigsschie\u00dfen Luftpistole und Luftgewehr:<br \/>\n<a href=\"https:\/\/www.sgfarchant.de\/wp-content\/uploads\/2025\/04\/end-und-koenigsschiessen-am-28.03.-02.-03.04.2025.pdf\" class=\"pdfemb-viewer\" style=\"\" data-width=\"max\" data-height=\"max\" data-toolbar=\"bottom\" data-toolbar-fixed=\"off\">end- und k\u00f6nigsschie\u00dfen am 28.03., 02., 03.04.2025<\/a><\/p>\n<p>Pokale:<br \/>\n<a href=\"https:\/\/www.sgfarchant.de\/wp-content\/uploads\/2025\/04\/Pokale-2025.pdf\" class=\"pdfemb-viewer\" style=\"\" data-width=\"max\" data-height=\"max\" data-toolbar=\"bottom\" data-toolbar-fixed=\"off\">Pokale 2025<\/a><\/p>\n<p>Vereinsmeisterschaft und Jahresmeister Luftpistole und Luftgewehr:<br \/>\n<a href=\"https:\/\/www.sgfarchant.de\/wp-content\/uploads\/2025\/04\/VMJM-LG-LP-25.pdf\" class=\"pdfemb-viewer\" style=\"\" data-width=\"max\" data-height=\"max\" data-toolbar=\"bottom\" data-toolbar-fixed=\"off\">VM+JM LG-LP 25<\/a><\/p>\n<p>&nbsp;<\/p>\n<p>&nbsp;<\/p>\n","protected":false},"excerpt":{"rendered":"<p>Endschie\u00dfen Sportpistole: Jahresmeister Sportpistole: Eiferscheibe Sportpistole: Vereinsmeister und Jahresmeister Sportpistole: End- und K\u00f6nigsschie\u00dfen Luftpistole und Luftgewehr: Pokale: Vereinsmeisterschaft und Jahresmeister Luftpistole und Luftgewehr: &nbsp; &nbsp;<\/p>\n","protected":false},"author":2,"featured_media":0,"parent":596,"menu_order":0,"comment_status":"closed","ping_status":"closed","template":"","meta":{"footnotes":""},"class_list":["post-1411","page","type-page","status-publish","hentry"],"_links":{"self":[{"href":"https:\/\/www.sgfarchant.de\/index.php?rest_route=\/wp\/v2\/pages\/1411","targetHints":{"allow":["GET"]}}],"collection":[{"href":"https:\/\/www.sgfarchant.de\/index.php?rest_route=\/wp\/v2\/pages"}],"about":[{"href":"https:\/\/www.sgfarchant.de\/index.php?rest_route=\/wp\/v2\/types\/page"}],"author":[{"embeddable":true,"href":"https:\/\/www.sgfarchant.de\/index.php?rest_route=\/wp\/v2\/users\/2"}],"replies":[{"embeddable":true,"href":"https:\/\/www.sgfarchant.de\/index.php?rest_route=%2Fwp%2Fv2%2Fcomments&post=1411"}],"version-history":[{"count":1,"href":"https:\/\/www.sgfarchant.de\/index.php?rest_route=\/wp\/v2\/pages\/1411\/revisions"}],"predecessor-version":[{"id":1419,"href":"https:\/\/www.sgfarchant.de\/index.php?rest_route=\/wp\/v2\/pages\/1411\/revisions\/1419"}],"up":[{"embeddable":true,"href":"https:\/\/www.sgfarchant.de\/index.php?rest_route=\/wp\/v2\/pages\/596"}],"wp:attachment":[{"href":"https:\/\/www.sgfarchant.de\/index.php?rest_route=%2Fwp%2Fv2%2Fmedia&parent=1411"}],"curies":[{"name":"wp","href":"https:\/\/api.w.org\/{rel}","templated":true}]}}